[INFO] fetching crate cw-orch-publish-test 0.11.2...
[INFO] checking cw-orch-publish-test-0.11.2 against master#9610dfe5a9a731ced1ea4923ecbd0c57fe367898 for beta-170-4
[INFO] extracting crate cw-orch-publish-test 0.11.2 into /workspace/builds/worker-2-tc1/source
[INFO] validating manifest of crates.io crate cw-orch-publish-test 0.11.2 on toolchain 9610dfe5a9a731ced1ea4923ecbd0c57fe367898
[INFO] running `Command { std: CARGO_HOME="/workspace/cargo-home" RUSTUP_HOME="/workspace/rustup-home" "/workspace/cargo-home/bin/cargo" "+9610dfe5a9a731ced1ea4923ecbd0c57fe367898" "metadata" "--manifest-path" "Cargo.toml" "--no-deps", kill_on_drop: false }`
[INFO] started tweaking crates.io crate cw-orch-publish-test 0.11.2
[INFO] removed 0 missing examples
[INFO] finished tweaking crates.io crate cw-orch-publish-test 0.11.2
[INFO] tweaked toml for crates.io crate cw-orch-publish-test 0.11.2 written to /workspace/builds/worker-2-tc1/source/Cargo.toml
[INFO] crate crates.io crate cw-orch-publish-test 0.11.2 already has a lockfile, it will not be regenerated
[INFO] running `Command { std: CARGO_HOME="/workspace/cargo-home" RUSTUP_HOME="/workspace/rustup-home" "/workspace/cargo-home/bin/cargo" "+9610dfe5a9a731ced1ea4923ecbd0c57fe367898" "fetch" "--manifest-path" "Cargo.toml", kill_on_drop: false }`
[INFO] [stderr]     Updating crates.io index
[INFO] [stderr]  Downloading crates ...
[INFO] [stderr]   Downloaded async-stream v0.3.5
[INFO] [stderr]   Downloaded thread-id v4.1.0
[INFO] [stderr]   Downloaded peg v0.7.0
[INFO] [stderr]   Downloaded bitcoin_hashes v0.12.0
[INFO] [stderr]   Downloaded peg-runtime v0.7.0
[INFO] [stderr]   Downloaded ed25519-consensus v2.1.0
[INFO] [stderr]   Downloaded tendermint-rpc v0.30.0
[INFO] [stderr]   Downloaded ibc-proto v0.29.0
[INFO] [stderr]   Downloaded bip32 v0.5.0
[INFO] [stderr]   Downloaded ecdsa v0.16.7
[INFO] [stderr]   Downloaded subtle-encoding v0.5.1
[INFO] [stderr]   Downloaded tendermint v0.30.0
[INFO] [stderr]   Downloaded spki v0.7.2
[INFO] [stderr]   Downloaded peg-macros v0.7.0
[INFO] [stderr]   Downloaded async-stream-impl v0.3.5
[INFO] [stderr]   Downloaded ibc-chain-registry v0.23.1
[INFO] [stderr]   Downloaded typemap-ors v1.0.0
[INFO] [stderr]   Downloaded bitcoin-private v0.1.0
[INFO] [stderr]   Downloaded serial_test v2.0.0
[INFO] [stderr]   Downloaded tokio-test v0.4.2
[INFO] [stderr]   Downloaded serial_test_derive v2.0.0
[INFO] [stderr]   Downloaded os_pipe v1.1.4
[INFO] [stderr]   Downloaded cw-orch-contract-derive v0.11.4
[INFO] [stderr]   Downloaded diff_derive v0.2.3
[INFO] [stderr]   Downloaded treediff v4.0.2
[INFO] [stderr]   Downloaded diff-struct v0.5.1
[INFO] [stderr]   Downloaded safe-regex-macro v0.2.5
[INFO] [stderr]   Downloaded destructure_traitobject v0.2.0
[INFO] [stderr]   Downloaded unsafe-any-ors v1.0.0
[INFO] [stderr]   Downloaded sha256 v1.1.3
[INFO] [stderr]   Downloaded ics23 v0.10.0
[INFO] [stderr]   Downloaded hyperlocal v0.8.0
[INFO] [stderr]   Downloaded ctor v0.2.0
[INFO] [stderr]   Downloaded duct v0.13.6
[INFO] [stderr]   Downloaded cw-orch-fns-derive v0.11.4
[INFO] [stderr]   Downloaded hkd32 v0.7.0
[INFO] [stderr]   Downloaded base16 v0.2.1
[INFO] [stderr]   Downloaded safe-proc-macro2 v1.0.36
[INFO] [stderr]   Downloaded tendermint-proto v0.32.0
[INFO] [stderr]   Downloaded k256 v0.13.1
[INFO] [stderr]   Downloaded der v0.7.6
[INFO] [stderr]   Downloaded serde_with v2.3.3
[INFO] [stderr]   Downloaded cosmos-sdk-proto v0.19.0
[INFO] [stderr]   Downloaded bitcoin v0.30.0
[INFO] [stderr]   Downloaded safe-quote v1.0.15
[INFO] [stderr]   Downloaded tendermint-rpc v0.32.0
[INFO] [stderr]   Downloaded bollard v0.14.0
[INFO] [stderr]   Downloaded ed25519 v2.2.1
[INFO] [stderr]   Downloaded ibc-relayer-types v0.23.1
[INFO] [stderr]   Downloaded tendermint v0.32.0
[INFO] [stderr]   Downloaded cw-multi-test v0.16.4
[INFO] [stderr]   Downloaded async-tungstenite v0.20.0
[INFO] [stderr]   Downloaded tendermint-proto v0.30.0
[INFO] [stderr]   Downloaded tonic v0.9.2
[INFO] [stderr]   Downloaded hex_lit v0.1.1
[INFO] [stderr]   Downloaded bollard-stubs v1.42.0-rc.7
[INFO] [stderr]   Downloaded sec1 v0.7.2
[INFO] [stderr]   Downloaded cosmrs v0.14.0
[INFO] [stderr]   Downloaded uid v0.1.7
[INFO] [stderr]   Downloaded ct-logs v0.8.0
[INFO] [stderr]   Downloaded tendermint-config v0.30.0
[INFO] [stderr]   Downloaded safe-regex v0.2.5
[INFO] [stderr]   Downloaded flex-error v0.4.4
[INFO] [stderr]   Downloaded speculoos v0.11.0
[INFO] [stderr]   Downloaded tendermint-light-client-verifier v0.30.0
[INFO] [stderr]   Downloaded tendermint-config v0.32.0
[INFO] [stderr]   Downloaded safe-regex-compiler v0.2.5
[INFO] [stderr]   Downloaded json-patch v1.0.0
[INFO] [stderr]   Downloaded log4rs v1.2.0
[INFO] running `Command { std: "docker" "create" "-v" "/var/lib/crater-agent-workspace/builds/worker-2-tc1/target:/opt/rustwide/target:rw,Z" "-v" "/var/lib/crater-agent-workspace/builds/worker-2-tc1/source:/opt/rustwide/workdir:ro,Z" "-v" "/var/lib/crater-agent-workspace/cargo-home:/opt/rustwide/cargo-home:ro,Z" "-v" "/var/lib/crater-agent-workspace/rustup-home:/opt/rustwide/rustup-home:ro,Z" "-e" "SOURCE_DIR=/opt/rustwide/workdir" "-e" "CARGO_TARGET_DIR=/opt/rustwide/target" "-e" "CARGO_HOME=/opt/rustwide/cargo-home" "-e" "RUSTUP_HOME=/opt/rustwide/rustup-home" "-w" "/opt/rustwide/workdir" "-m" "1610612736" "--user" "0:0" "--network" "none" "ghcr.io/rust-lang/crates-build-env/linux@sha256:19e73879b68f455e41552ea35293514db52ea292d993f571636dbffedb77a1ee" "/opt/rustwide/cargo-home/bin/cargo" "+9610dfe5a9a731ced1ea4923ecbd0c57fe367898" "metadata" "--no-deps" "--format-version=1", kill_on_drop: false }`
[INFO] [stdout] 4bffb64d0d9e9f715e22f9965031a1fdec8e0bcd487454e1365c66e6e794f320
[INFO] running `Command { std: "docker" "start" "-a" "4bffb64d0d9e9f715e22f9965031a1fdec8e0bcd487454e1365c66e6e794f320", kill_on_drop: false }`
[INFO] running `Command { std: "docker" "inspect" "4bffb64d0d9e9f715e22f9965031a1fdec8e0bcd487454e1365c66e6e794f320", kill_on_drop: false }`
[INFO] running `Command { std: "docker" "rm" "-f" "4bffb64d0d9e9f715e22f9965031a1fdec8e0bcd487454e1365c66e6e794f320", kill_on_drop: false }`
[INFO] [stdout] 4bffb64d0d9e9f715e22f9965031a1fdec8e0bcd487454e1365c66e6e794f320
[INFO] running `Command { std: "docker" "create" "-v" "/var/lib/crater-agent-workspace/builds/worker-2-tc1/target:/opt/rustwide/target:rw,Z" "-v" "/var/lib/crater-agent-workspace/builds/worker-2-tc1/source:/opt/rustwide/workdir:ro,Z" "-v" "/var/lib/crater-agent-workspace/cargo-home:/opt/rustwide/cargo-home:ro,Z" "-v" "/var/lib/crater-agent-workspace/rustup-home:/opt/rustwide/rustup-home:ro,Z" "-e" "SOURCE_DIR=/opt/rustwide/workdir" "-e" "CARGO_TARGET_DIR=/opt/rustwide/target" "-e" "CARGO_INCREMENTAL=0" "-e" "RUST_BACKTRACE=full" "-e" "RUSTFLAGS=--cap-lints=forbid" "-e" "RUSTDOCFLAGS=--cap-lints=forbid" "-e" "CARGO_HOME=/opt/rustwide/cargo-home" "-e" "RUSTUP_HOME=/opt/rustwide/rustup-home" "-w" "/opt/rustwide/workdir" "-m" "1610612736" "--user" "0:0" "--network" "none" "ghcr.io/rust-lang/crates-build-env/linux@sha256:19e73879b68f455e41552ea35293514db52ea292d993f571636dbffedb77a1ee" "/opt/rustwide/cargo-home/bin/cargo" "+9610dfe5a9a731ced1ea4923ecbd0c57fe367898" "check" "--frozen" "--all" "--all-targets" "--message-format=json", kill_on_drop: false }`
[INFO] [stdout] 909955802a13e608ee6daaa6e1e3894825367e3a721b52b64dbf8a4455c65bac
[INFO] running `Command { std: "docker" "start" "-a" "909955802a13e608ee6daaa6e1e3894825367e3a721b52b64dbf8a4455c65bac", kill_on_drop: false }`
[INFO] [stderr]    Compiling proc-macro2 v1.0.58
[INFO] [stderr]    Compiling quote v1.0.27
[INFO] [stderr]    Compiling unicode-ident v1.0.8
[INFO] [stderr]    Compiling libc v0.2.144
[INFO] [stderr]     Checking cfg-if v1.0.0
[INFO] [stderr]    Compiling serde v1.0.163
[INFO] [stderr]    Compiling autocfg v1.1.0
[INFO] [stderr]     Checking once_cell v1.17.1
[INFO] [stderr]    Compiling typenum v1.16.0
[INFO] [stderr]    Compiling generic-array v0.14.7
[INFO] [stderr]     Checking subtle v2.4.1
[INFO] [stderr]     Checking const-oid v0.9.2
[INFO] [stderr]    Compiling syn v1.0.109
[INFO] [stderr]    Compiling log v0.4.17
[INFO] [stderr]     Checking itoa v1.0.6
[INFO] [stderr]     Checking pin-project-lite v0.2.9
[INFO] [stderr]    Compiling futures-core v0.3.28
[INFO] [stderr]    Compiling lock_api v0.4.9
[INFO] [stderr]    Compiling parking_lot_core v0.9.7
[INFO] [stderr]    Compiling memchr v2.5.0
[INFO] [stderr]    Compiling ahash v0.7.6
[INFO] [stderr]     Checking scopeguard v1.1.0
[INFO] [stderr]     Checking smallvec v1.10.0
[INFO] [stderr]    Compiling slab v0.4.8
[INFO] [stderr]    Compiling ring v0.16.20
[INFO] [stderr]    Compiling futures-channel v0.3.28
[INFO] [stderr]     Checking futures-sink v0.3.28
[INFO] [stderr]     Checking cpufeatures v0.2.7
[INFO] [stderr]    Compiling futures-task v0.3.28
[INFO] [stderr]    Compiling syn v2.0.16
[INFO] [stderr]    Compiling futures-util v0.3.28
[INFO] [stderr]    Compiling tokio v1.28.1
[INFO] [stderr]     Checking futures-io v0.3.28
[INFO] [stderr]     Checking pin-utils v0.1.0
[INFO] [stderr]     Checking untrusted v0.7.1
[INFO] [stderr]     Checking spin v0.5.2
[INFO] [stderr]    Compiling num-traits v0.2.15
[INFO] [stderr]     Checking fnv v1.0.7
[INFO] [stderr]    Compiling anyhow v1.0.71
[INFO] [stderr]     Checking ryu v1.0.13
[INFO] [stderr]     Checking byteorder v1.4.3
[INFO] [stderr]     Checking getrandom v0.2.9
[INFO] [stderr]     Checking signal-hook-registry v1.4.1
[INFO] [stderr]     Checking rand_core v0.6.4
[INFO] [stderr]     Checking parking_lot v0.12.1
[INFO] [stderr]     Checking num_cpus v1.15.0
[INFO] [stderr]     Checking socket2 v0.4.9
[INFO] [stderr]    Compiling indexmap v1.9.3
[INFO] [stderr]     Checking hashbrown v0.12.3
[INFO] [stderr]     Checking hex v0.4.3
[INFO] [stderr]    Compiling serde_json v1.0.96
[INFO] [stderr]    Compiling either v1.8.1
[INFO] [stderr]    Compiling itertools v0.10.5
[INFO] [stderr]     Checking tracing-core v0.1.31
[INFO] [stderr]     Checking opaque-debug v0.3.0
[INFO] [stderr]    Compiling httparse v1.8.0
[INFO] [stderr]     Checking tower-service v0.3.2
[INFO] [stderr]     Checking httpdate v1.0.2
[INFO] [stderr]     Checking bitflags v1.3.2
[INFO] [stderr]     Checking try-lock v0.2.4
[INFO] [stderr]    Compiling thiserror v1.0.40
[INFO] [stderr]     Checking percent-encoding v2.2.0
[INFO] [stderr]    Compiling eyre v0.6.8
[INFO] [stderr]     Checking openssl-probe v0.1.5
[INFO] [stderr]     Checking base64 v0.13.1
[INFO] [stderr]    Compiling paste v1.0.12
[INFO] [stderr]     Checking indenter v0.3.3
[INFO] [stderr]     Checking ppv-lite86 v0.2.17
[INFO] [stderr]    Compiling time-core v0.1.0
[INFO] [stderr]    Compiling time-macros v0.2.8
[INFO] [stderr]    Compiling rustversion v1.0.12
[INFO] [stderr]     Checking tinyvec_macros v0.1.1
[INFO] [stderr]    Compiling getrandom v0.1.16
[INFO] [stderr]     Checking tinyvec v1.6.0
[INFO] [stderr]     Checking mime v0.3.17
[INFO] [stderr]     Checking sct v0.7.0
[INFO] [stderr]     Checking rand_chacha v0.3.1
[INFO] [stderr]     Checking form_urlencoded v1.1.0
[INFO] [stderr]     Checking flex-error v0.4.4
[INFO] [stderr]    Compiling num-integer v0.1.45
[INFO] [stderr]    Compiling async-trait v0.1.68
[INFO] [stderr]     Checking base64ct v1.6.0
[INFO] [stderr]     Checking subtle-ng v2.5.0
[INFO] [stderr]     Checking unicode-bidi v0.3.13
[INFO] [stderr]     Checking base64 v0.21.0
[INFO] [stderr]     Checking rand v0.8.5
[INFO] [stderr]     Checking unicode-normalization v0.1.22
[INFO] [stderr]     Checking rand_core v0.5.1
[INFO] [stderr]    Compiling rustls v0.21.1
[INFO] [stderr]    Compiling pkg-config v0.3.27
[INFO] [stderr]    Compiling crunchy v0.2.2
[INFO] [stderr]     Checking rustls-pemfile v1.0.2
[INFO] [stderr]     Checking idna v0.3.0
[INFO] [stderr]     Checking webpki v0.21.4
[INFO] [stderr]     Checking time v0.3.20
[INFO] [stderr]     Checking rustls-webpki v0.100.1
[INFO] [stderr]     Checking sct v0.6.1
[INFO] [stderr]     Checking ff v0.12.1
[INFO] [stderr]     Checking static_assertions v1.1.0
[INFO] [stderr]     Checking base16ct v0.1.1
[INFO] [stderr]     Checking group v0.12.1
[INFO] [stderr]    Compiling axum-core v0.3.4
[INFO] [stderr]    Compiling openssl-sys v0.9.87
[INFO] [stderr]     Checking ff v0.13.0
[INFO] [stderr]     Checking dyn-clone v1.0.11
[INFO] [stderr]     Checking base16ct v0.2.0
[INFO] [stderr]     Checking tower-layer v0.3.2
[INFO] [stderr]     Checking url v2.3.1
[INFO] [stderr]     Checking group v0.13.0
[INFO] [stderr]     Checking uint v0.9.5
[INFO] [stderr]    Compiling serde_derive_internals v0.26.0
[INFO] [stderr]     Checking rustls-native-certs v0.6.2
[INFO] [stderr]    Compiling axum v0.6.18
[INFO] [stderr]     Checking webpki v0.22.0
[INFO] [stderr]    Compiling num-bigint v0.4.3
[INFO] [stderr]    Compiling schemars v0.8.12
[INFO] [stderr]    Compiling semver v1.0.17
[INFO] [stderr]    Compiling safe-proc-macro2 v1.0.36
[INFO] [stderr]    Compiling num-rational v0.4.1
[INFO] [stderr]    Compiling openssl v0.10.52
[INFO] [stderr]    Compiling unicode-xid v0.2.4
[INFO] [stderr]     Checking foreign-types-shared v0.1.1
[INFO] [stderr]     Checking sync_wrapper v0.1.2
[INFO] [stderr]     Checking matchit v0.7.0
[INFO] [stderr]    Compiling rustls v0.20.8
[INFO] [stderr]     Checking foreign-types v0.3.2
[INFO] [stderr]     Checking webpki-roots v0.21.1
[INFO] [stderr]     Checking ct-logs v0.8.0
[INFO] [stderr]    Compiling peg-runtime v0.7.0
[INFO] [stderr]    Compiling strsim v0.10.0
[INFO] [stderr]    Compiling ident_case v1.0.1
[INFO] [stderr]    Compiling native-tls v0.2.11
[INFO] [stderr]    Compiling peg-macros v0.7.0
[INFO] [stderr]    Compiling darling_core v0.14.4
[INFO] [stderr]    Compiling safe-quote v1.0.15
[INFO] [stderr]    Compiling num-iter v0.1.43
[INFO] [stderr]     Checking forward_ref v1.0.0
[INFO] [stderr]    Compiling bitcoin-private v0.1.0
[INFO] [stderr]    Compiling io-lifetimes v1.0.10
[INFO] [stderr]     Checking same-file v1.0.6
[INFO] [stderr]     Checking walkdir v2.3.3
[INFO] [stderr]    Compiling safe-regex-compiler v0.2.5
[INFO] [stderr]    Compiling secp256k1-sys v0.8.1
[INFO] [stderr]    Compiling rustix v0.37.19
[INFO] [stderr]     Checking keccak v0.1.4
[INFO] [stderr]    Compiling serde_derive v1.0.163
[INFO] [stderr]    Compiling zeroize_derive v1.4.2
[INFO] [stderr]    Compiling futures-macro v0.3.28
[INFO] [stderr]    Compiling tokio-macros v2.1.0
[INFO] [stderr]    Compiling tracing-attributes v0.1.24
[INFO] [stderr]    Compiling prost-derive v0.11.9
[INFO] [stderr]    Compiling thiserror-impl v1.0.40
[INFO] [stderr]     Checking zeroize v1.6.0
[INFO] [stderr]    Compiling num-derive v0.3.3
[INFO] [stderr]     Checking block-buffer v0.10.4
[INFO] [stderr]     Checking crypto-common v0.1.6
[INFO] [stderr]     Checking digest v0.10.6
[INFO] [stderr]     Checking digest v0.9.0
[INFO] [stderr]     Checking block-buffer v0.9.0
[INFO] [stderr]     Checking sha2 v0.10.6
[INFO] [stderr]     Checking sha2 v0.9.9
[INFO] [stderr]     Checking tracing v0.1.37
[INFO] [stderr]     Checking hmac v0.12.1
[INFO] [stderr]     Checking signature v1.6.4
[INFO] [stderr]     Checking subtle-encoding v0.5.1
[INFO] [stderr]    Compiling pin-project-internal v1.1.0
[INFO] [stderr]     Checking der v0.6.1
[INFO] [stderr]     Checking curve25519-dalek-ng v4.1.1
[INFO] [stderr]     Checking der v0.7.6
[INFO] [stderr]    Compiling serde_repr v0.1.12
[INFO] [stderr]     Checking crypto-bigint v0.4.9
[INFO] [stderr]     Checking ed25519-consensus v2.1.0
[INFO] [stderr]     Checking spki v0.6.0
[INFO] [stderr]     Checking pkcs8 v0.9.0
[INFO] [stderr]     Checking sec1 v0.3.0
[INFO] [stderr]     Checking rfc6979 v0.3.1
[INFO] [stderr]     Checking sha1 v0.10.5
[INFO] [stderr]     Checking signature v2.1.0
[INFO] [stderr]     Checking elliptic-curve v0.12.3
[INFO] [stderr]     Checking spki v0.7.2
[INFO] [stderr]     Checking sec1 v0.7.2
[INFO] [stderr]     Checking ripemd v0.1.3
[INFO] [stderr]     Checking pkcs8 v0.10.2
[INFO] [stderr]     Checking curve25519-dalek v3.2.0
[INFO] [stderr]     Checking crypto-bigint v0.5.2
[INFO] [stderr]    Compiling async-stream-impl v0.3.5
[INFO] [stderr]     Checking futures-executor v0.3.28
[INFO] [stderr]     Checking pin-project v1.1.0
[INFO] [stderr]     Checking ecdsa v0.14.8
[INFO] [stderr]     Checking futures v0.3.28
[INFO] [stderr]     Checking rfc6979 v0.4.0
[INFO] [stderr]    Compiling schemars_derive v0.8.12
[INFO] [stderr]    Compiling derivative v2.2.0
[INFO] [stderr]    Compiling openssl-macros v0.1.1
[INFO] [stderr]     Checking k256 v0.11.6
[INFO] [stderr]     Checking elliptic-curve v0.13.4
[INFO] [stderr]     Checking async-stream v0.3.5
[INFO] [stderr]    Compiling cosmwasm-derive v1.2.5
[INFO] [stderr]     Checking ed25519 v2.2.1
[INFO] [stderr]    Compiling darling_macro v0.14.4
[INFO] [stderr]     Checking ecdsa v0.16.7
[INFO] [stderr]     Checking peg v0.7.0
[INFO] [stderr]    Compiling cosmwasm-schema-derive v1.2.5
[INFO] [stderr]     Checking k256 v0.13.1
[INFO] [stderr]    Compiling erased-serde v0.3.25
[INFO] [stderr]     Checking utf-8 v0.7.6
[INFO] [stderr]     Checking uuid v0.8.2
[INFO] [stderr]    Compiling darling v0.14.4
[INFO] [stderr]     Checking sha3 v0.10.8
[INFO] [stderr]    Compiling safe-regex-macro v0.2.5
[INFO] [stderr]    Compiling derive_more v0.99.17
[INFO] [stderr]     Checking fixed-hash v0.8.0
[INFO] [stderr]     Checking num-complex v0.4.3
[INFO] [stderr]    Compiling unicode-segmentation v1.10.1
[INFO] [stderr]     Checking linux-raw-sys v0.3.7
[INFO] [stderr]     Checking linked-hash-map v0.5.6
[INFO] [stderr]     Checking destructure_traitobject v0.2.0
[INFO] [stderr]    Compiling hex_lit v0.1.1
[INFO] [stderr]     Checking unsafe-any-ors v1.0.0
[INFO] [stderr]     Checking yaml-rust v0.4.5
[INFO] [stderr]    Compiling convert_case v0.6.0
[INFO] [stderr]     Checking bytes v1.4.0
[INFO] [stderr]     Checking serde_bytes v0.11.9
[INFO] [stderr]     Checking mio v0.8.6
[INFO] [stderr]     Checking want v0.3.0
[INFO] [stderr]     Checking rustls v0.19.1
[INFO] [stderr]     Checking ed25519 v1.5.3
[INFO] [stderr]     Checking http v0.2.9
[INFO] [stderr]     Checking prost v0.11.9
[INFO] [stderr]     Checking prost-types v0.11.9
[INFO] [stderr]     Checking toml v0.5.11
[INFO] [stderr]     Checking http-body v0.4.5
[INFO] [stderr]     Checking headers-core v0.2.0
[INFO] [stderr]     Checking ed25519-zebra v3.1.0
[INFO] [stderr]     Checking headers v0.3.8
[INFO] [stderr]     Checking cosmwasm-crypto v1.2.5
[INFO] [stderr]     Checking tendermint-proto v0.30.0
[INFO] [stderr]     Checking tendermint-proto v0.32.0
[INFO] [stderr]     Checking rustls-native-certs v0.5.0
[INFO] [stderr]     Checking serde-json-wasm v0.5.1
[INFO] [stderr]     Checking cosmwasm-schema v1.2.5
[INFO] [stderr]     Checking cosmwasm-std v1.2.5
[INFO] [stderr]     Checking serde_urlencoded v0.7.1
[INFO] [stderr]     Checking impl-serde v0.4.0
[INFO] [stderr]     Checking primitive-types v0.12.1
[INFO] [stderr]     Checking ics23 v0.10.0
[INFO] [stderr]     Checking tungstenite v0.18.0
[INFO] [stderr]     Checking serde_with v2.3.3
[INFO] [stderr]     Checking num v0.4.0
[INFO] [stderr]     Checking bitcoin_hashes v0.12.0
[INFO] [stderr]     Checking safe-regex v0.2.5
[INFO] [stderr]    Compiling derive_builder_core v0.12.0
[INFO] [stderr]     Checking tokio-util v0.7.8
[INFO] [stderr]     Checking h2 v0.3.19
[INFO] [stderr]     Checking tokio-rustls v0.24.0
[INFO] [stderr]     Checking tower v0.4.13
[INFO] [stderr]     Checking tokio-stream v0.1.14
[INFO] [stderr]     Checking tokio-io-timeout v1.2.0
[INFO] [stderr]     Checking tokio-rustls v0.22.0
[INFO] [stderr]     Checking cw-storage-plus v1.0.1
[INFO] [stderr]     Checking tokio-native-tls v0.3.1
[INFO] [stderr]     Checking tokio-rustls v0.23.4
[INFO] [stderr]     Checking bs58 v0.4.0
[INFO] [stderr]     Checking async-tungstenite v0.20.0
[INFO] [stderr]     Checking pbkdf2 v0.12.1
[INFO] [stderr]    Compiling prost-derive v0.9.0
[INFO] [stderr]     Checking webpki-roots v0.22.6
[INFO] [stderr]     Checking rand_chacha v0.2.2
[INFO] [stderr]     Checking ordered-float v2.10.0
[INFO] [stderr]     Checking cw2 v1.0.1
[INFO] [stderr]     Checking time v0.1.45
[INFO] [stderr]     Checking aho-corasick v1.0.1
[INFO] [stderr]     Checking encoding_rs v0.8.32
[INFO] [stderr]     Checking ipnet v2.7.2
[INFO] [stderr]     Checking tendermint v0.30.0
[INFO] [stderr]    Compiling bitcoin v0.30.0
[INFO] [stderr]     Checking tendermint v0.32.0
[INFO] [stderr]     Checking iana-time-zone v0.1.56
[INFO] [stderr]     Checking regex-syntax v0.7.1
[INFO] [stderr]     Checking humantime v2.1.0
[INFO] [stderr]     Checking hyper v0.14.26
[INFO] [stderr]     Checking chrono v0.4.24
[INFO] [stderr]     Checking serde-value v0.7.0
[INFO] [stderr]     Checking cw-utils v1.0.1
[INFO] [stderr]     Checking regex v1.8.1
[INFO] [stderr]     Checking rand v0.7.3
[INFO] [stderr]     Checking prost v0.9.0
[INFO] [stderr]     Checking bip32 v0.5.0
[INFO] [stderr]     Checking bollard-stubs v1.42.0-rc.7
[INFO] [stderr]    Compiling derive_builder_macro v0.12.0
[INFO] [stderr]     Checking secp256k1 v0.27.0
[INFO] [stderr]     Checking is-terminal v0.4.7
[INFO] [stderr]     Checking treediff v4.0.2
[INFO] [stderr]     Checking serde_yaml v0.8.26
[INFO] [stderr]     Checking typemap-ors v1.0.0
[INFO] [stderr]     Checking pbkdf2 v0.11.0
[INFO] [stderr]    Compiling diff_derive v0.2.3
[INFO] [stderr]     Checking thread-id v4.1.0
[INFO] [stderr]     Checking bech32 v0.9.1
[INFO] [stderr]     Checking arc-swap v1.6.0
[INFO] [stderr]     Checking log-mdc v0.1.0
[INFO] [stderr]     Checking termcolor v1.2.0
[INFO] [stderr]     Checking log4rs v1.2.0
[INFO] [stderr]     Checking env_logger v0.10.0
[INFO] [stderr]     Checking hyper-timeout v0.4.1
[INFO] [stderr]     Checking hyper-rustls v0.22.1
[INFO] [stderr]     Checking tendermint-config v0.30.0
[INFO] [stderr]     Checking hyper-proxy v0.9.1
[INFO] [stderr]     Checking tendermint-config v0.32.0
[INFO] [stderr]     Checking tendermint-light-client-verifier v0.30.0
[INFO] [stderr]     Checking hyper-rustls v0.24.0
[INFO] [stderr]     Checking hyper-tls v0.5.0
[INFO] [stderr]     Checking hyperlocal v0.8.0
[INFO] [stderr]     Checking reqwest v0.11.18
[INFO] [stderr]     Checking diff-struct v0.5.1
[INFO] [stderr]     Checking tendermint-rpc v0.30.0
[INFO] [stderr]    Compiling cw-orch-contract-derive v0.11.4
[INFO] [stderr]     Checking tendermint-rpc v0.32.0
[INFO] [stderr]     Checking hkd32 v0.7.0
[INFO] [stderr]     Checking derive_builder v0.12.0
[INFO] [stderr]     Checking json-patch v1.0.0
[INFO] [stderr]     Checking ed25519-dalek v1.0.1
[INFO] [stderr]     Checking cw-multi-test v0.16.4
[INFO] [stderr]    Compiling cw-orch-fns-derive v0.11.4
[INFO] [stderr]     Checking sha256 v1.1.3
[INFO] [stderr]    Compiling serial_test_derive v2.0.0
[INFO] [stderr]    Compiling async-recursion v1.0.4
[INFO] [stderr]     Checking dashmap v5.4.0
[INFO] [stderr]     Checking os_pipe v1.1.4
[INFO] [stderr]     Checking shared_child v1.0.0
[INFO] [stderr]     Checking base16 v0.2.1
[INFO] [stderr]     Checking dotenv v0.15.0
[INFO] [stderr]     Checking lazy_static v1.4.0
[INFO] [stderr]     Checking duct v0.13.6
[INFO] [stderr]     Checking tokio-test v0.4.2
[INFO] [stderr]     Checking serial_test v2.0.0
[INFO] [stderr]     Checking speculoos v0.11.0
[INFO] [stderr]    Compiling ctor v0.2.0
[INFO] [stderr]     Checking uid v0.1.7
[INFO] [stderr]     Checking tonic v0.9.2
[INFO] [stderr]     Checking ibc-proto v0.29.0
[INFO] [stderr]     Checking cosmos-sdk-proto v0.19.0
[INFO] [stderr]     Checking bollard v0.14.0
[INFO] [stderr]     Checking cosmrs v0.14.0
[INFO] [stderr]     Checking ibc-relayer-types v0.23.1
[INFO] [stderr]     Checking ibc-chain-registry v0.23.1
[INFO] [stderr]     Checking cw-orch-publish-test v0.11.2 (/opt/rustwide/workdir)
[INFO] [stdout] error[E0433]: failed to resolve: use of undeclared crate or module `cw_orch`
[INFO] [stdout]    --> src/daemon/channel.rs:114:25
[INFO] [stdout]     |
[INFO] [stdout] 114 |         let mut chain = cw_orch::daemon::networks::LOCAL_JUNO;
[INFO] [stdout]     |                         ^^^^^^^ use of undeclared crate or module `cw_orch`
[INFO] [stdout] 
[INFO] [stdout] 
[INFO] [stdout] error[E0433]: failed to resolve: use of undeclared crate or module `cw_orch`
[INFO] [stdout]    --> src/daemon/channel.rs:133:25
[INFO] [stdout]     |
[INFO] [stdout] 133 |         let mut chain = cw_orch::daemon::networks::LOCAL_JUNO;
[INFO] [stdout]     |                         ^^^^^^^ use of undeclared crate or module `cw_orch`
[INFO] [stdout] 
[INFO] [stdout] 
[INFO] [stdout] error[E0433]: failed to resolve: use of undeclared crate or module `cw20`
[INFO] [stdout]    --> src/mock/core.rs:360:13
[INFO] [stdout]     |
[INFO] [stdout] 360 |             cw20::Cw20ExecuteMsg::Mint { recipient, amount } => Ok(Response::default()
[INFO] [stdout]     |             ^^^^ use of undeclared crate or module `cw20`
[INFO] [stdout] 
[INFO] [stdout] 
[INFO] [stdout] error[E0433]: failed to resolve: use of undeclared crate or module `cw20_base`
[INFO] [stdout]    --> src/mock/core.rs:368:43
[INFO] [stdout]     |
[INFO] [stdout] 368 |     fn query(_deps: Deps, _env: Env, msg: cw20_base::msg::QueryMsg) -> StdResult<Binary> {
[INFO] [stdout]     |                                           ^^^^^^^^^ use of undeclared crate or module `cw20_base`
[INFO] [stdout] 
[INFO] [stdout] 
[INFO] [stdout] error[E0433]: failed to resolve: use of undeclared crate or module `cw20_base`
[INFO] [stdout]    --> src/mock/core.rs:370:13
[INFO] [stdout]     |
[INFO] [stdout] 370 |             cw20_base::msg::QueryMsg::Balance { address } => Ok(to_binary::<Response>(
[INFO] [stdout]     |             ^^^^^^^^^ use of undeclared crate or module `cw20_base`
[INFO] [stdout] 
[INFO] [stdout] 
[INFO] [stdout] error[E0433]: failed to resolve: use of undeclared crate or module `cw20_base`
[INFO] [stdout]    --> src/mock/core.rs:403:43
[INFO] [stdout]     |
[INFO] [stdout] 403 |             ContractWrapper::new(execute, cw20_base::contract::instantiate, query)
[INFO] [stdout]     |                                           ^^^^^^^^^ use of undeclared crate or module `cw20_base`
[INFO] [stdout] 
[INFO] [stdout] 
[INFO] [stdout] error[E0433]: failed to resolve: use of undeclared crate or module `cw20_base`
[INFO] [stdout]    --> src/mock/core.rs:404:31
[INFO] [stdout]     |
[INFO] [stdout] 404 |                 .with_migrate(cw20_base::contract::migrate),
[INFO] [stdout]     |                               ^^^^^^^^^ use of undeclared crate or module `cw20_base`
[INFO] [stdout] 
[INFO] [stdout] 
[INFO] [stdout] error[E0433]: failed to resolve: use of undeclared crate or module `cw20_base`
[INFO] [stdout]    --> src/mock/core.rs:412:24
[INFO] [stdout]     |
[INFO] [stdout] 412 |         let init_msg = cw20_base::msg::InstantiateMsg {
[INFO] [stdout]     |                        ^^^^^^^^^ use of undeclared crate or module `cw20_base`
[INFO] [stdout] 
[INFO] [stdout] 
[INFO] [stdout] error[E0433]: failed to resolve: use of undeclared crate or module `cw20_base`
[INFO] [stdout]    --> src/mock/core.rs:428:18
[INFO] [stdout]     |
[INFO] [stdout] 428 |                 &cw20_base::msg::ExecuteMsg::Mint {
[INFO] [stdout]     |                  ^^^^^^^^^ use of undeclared crate or module `cw20_base`
[INFO] [stdout] 
[INFO] [stdout] 
[INFO] [stdout] error[E0433]: failed to resolve: use of undeclared crate or module `cw20_base`
[INFO] [stdout]    --> src/mock/core.rs:443:18
[INFO] [stdout]     |
[INFO] [stdout] 443 |                 &cw20_base::msg::QueryMsg::Balance {
[INFO] [stdout]     |                  ^^^^^^^^^ use of undeclared crate or module `cw20_base`
[INFO] [stdout] 
[INFO] [stdout] 
[INFO] [stdout] error[E0433]: failed to resolve: use of undeclared crate or module `cw20_base`
[INFO] [stdout]    --> src/mock/core.rs:442:22
[INFO] [stdout]     |
[INFO] [stdout] 442 |             .query::<cw20_base::msg::QueryMsg, Response>(
[INFO] [stdout]     |                      ^^^^^^^^^ use of undeclared crate or module `cw20_base`
[INFO] [stdout] 
[INFO] [stdout] 
[INFO] [stdout] error[E0433]: failed to resolve: use of undeclared crate or module `cw20_base`
[INFO] [stdout]    --> src/mock/core.rs:454:44
[INFO] [stdout]     |
[INFO] [stdout] 454 |         let migration_res = chain.migrate(&cw20_base::msg::MigrateMsg {}, 1, &contract_address);
[INFO] [stdout]     |                                            ^^^^^^^^^ use of undeclared crate or module `cw20_base`
[INFO] [stdout] 
[INFO] [stdout] 
[INFO] [stdout] error[E0433]: failed to resolve: use of undeclared crate or module `cw20`
[INFO] [stdout]    --> src/mock/core.rs:357:14
[INFO] [stdout]     |
[INFO] [stdout] 357 |         msg: cw20::Cw20ExecuteMsg,
[INFO] [stdout]     |              ^^^^ use of undeclared crate or module `cw20`
[INFO] [stdout] 
[INFO] [stdout] 
[INFO] [stdout] error[E0433]: failed to resolve: use of undeclared crate or module `cw20_base`
[INFO] [stdout]    --> src/mock/core.rs:358:27
[INFO] [stdout]     |
[INFO] [stdout] 358 |     ) -> Result<Response, cw20_base::ContractError> {
[INFO] [stdout]     |                           ^^^^^^^^^ use of undeclared crate or module `cw20_base`
[INFO] [stdout] 
[INFO] [stdout] 
[INFO] [stdout] error: aborting due to 14 previous errors
[INFO] [stdout] 
[INFO] [stdout] 
[INFO] [stdout] For more information about this error, try `rustc --explain E0433`.
[INFO] [stdout] 
[INFO] [stderr] error: could not compile `cw-orch-publish-test` (lib test) due to 15 previous errors
[INFO] [stderr] warning: build failed, waiting for other jobs to finish...
[INFO] running `Command { std: "docker" "inspect" "909955802a13e608ee6daaa6e1e3894825367e3a721b52b64dbf8a4455c65bac", kill_on_drop: false }`
[INFO] running `Command { std: "docker" "rm" "-f" "909955802a13e608ee6daaa6e1e3894825367e3a721b52b64dbf8a4455c65bac", kill_on_drop: false }`
[INFO] [stdout] 909955802a13e608ee6daaa6e1e3894825367e3a721b52b64dbf8a4455c65bac
